[INFO] cloning repository https://github.com/AJTJ/ray_tracer
[INFO] running `Command { std: "git" "-c" "credential.helper=" "-c" "credential.helper=/workspace/cargo-home/bin/git-credential-null" "clone" "--bare" "https://github.com/AJTJ/ray_tracer" "/workspace/cache/git-repos/https%3A%2F%2Fgithub.com%2FAJTJ%2Fray_tracer", kill_on_drop: false }`
[INFO] [stderr] Cloning into bare repository '/workspace/cache/git-repos/https%3A%2F%2Fgithub.com%2FAJTJ%2Fray_tracer'...
[INFO] running `Command { std: "git" "rev-parse" "HEAD", kill_on_drop: false }`
[INFO] [stdout] dbeff7841e84323a757ddb4bfebfc2cad1fca065
[INFO] building AJTJ/ray_tracer against master#881c1ac408d93bb7adaa3a51dabab9266e82eee8 for issue-85264
[INFO] running `Command { std: "git" "clone" "/workspace/cache/git-repos/https%3A%2F%2Fgithub.com%2FAJTJ%2Fray_tracer" "/workspace/builds/worker-14/source", kill_on_drop: false }`
[INFO] [stderr] Cloning into '/workspace/builds/worker-14/source'...
[INFO] [stderr] done.
[INFO] validating manifest of git repo https://github.com/AJTJ/ray_tracer on toolchain 881c1ac408d93bb7adaa3a51dabab9266e82eee8
[INFO] running `Command { std: "/workspace/cargo-home/bin/cargo" "+881c1ac408d93bb7adaa3a51dabab9266e82eee8" "metadata" "--manifest-path" "Cargo.toml" "--no-deps", kill_on_drop: false }`
[INFO] started tweaking git repo https://github.com/AJTJ/ray_tracer
[INFO] finished tweaking git repo https://github.com/AJTJ/ray_tracer
[INFO] tweaked toml for git repo https://github.com/AJTJ/ray_tracer written to /workspace/builds/worker-14/source/Cargo.toml
[INFO] crate git repo https://github.com/AJTJ/ray_tracer already has a lockfile, it will not be regenerated
[INFO] running `Command { std: "/workspace/cargo-home/bin/cargo" "+881c1ac408d93bb7adaa3a51dabab9266e82eee8" "fetch" "--manifest-path" "Cargo.toml", kill_on_drop: false }`
[INFO] [stderr]  Downloading crates ...
[INFO] [stderr]   Downloaded png v0.16.1
[INFO] [stderr]   Downloaded deflate v0.8.3
[INFO] [stderr]   Downloaded image v0.23.2
[INFO] [stderr]   Downloaded tiff v0.4.0
[INFO] running `Command { std: "docker" "create" "-v" "/var/lib/crater-agent-workspace/builds/worker-14/target:/opt/rustwide/target:rw,Z" "-v" "/var/lib/crater-agent-workspace/builds/worker-14/source:/opt/rustwide/workdir:ro,Z" "-v" "/var/lib/crater-agent-workspace/cargo-home:/opt/rustwide/cargo-home:ro,Z" "-v" "/var/lib/crater-agent-workspace/rustup-home:/opt/rustwide/rustup-home:ro,Z" "-e" "SOURCE_DIR=/opt/rustwide/workdir" "-e" "CARGO_TARGET_DIR=/opt/rustwide/target" "-e" "CARGO_HOME=/opt/rustwide/cargo-home" "-e" "RUSTUP_HOME=/opt/rustwide/rustup-home" "-w" "/opt/rustwide/workdir" "-m" "1610612736" "--user" "0:0" "--network" "none" "ghcr.io/rust-lang/crates-build-env/linux@sha256:20528e8c29e4536546f0102ce88568b16ea7538393a33fcca951030f7af10457" "/opt/rustwide/cargo-home/bin/cargo" "+881c1ac408d93bb7adaa3a51dabab9266e82eee8" "metadata" "--no-deps" "--format-version=1", kill_on_drop: false }`
[INFO] [stdout] 0fc64850689f84dac142b153d3e4bb512ba7741501ac180204cc5bd4a39f061f
[INFO] [stderr] WARNING: Your kernel does not support swap limit capabilities or the cgroup is not mounted. Memory limited without swap.
[INFO] running `Command { std: "docker" "start" "-a" "0fc64850689f84dac142b153d3e4bb512ba7741501ac180204cc5bd4a39f061f", kill_on_drop: false }`
[INFO] running `Command { std: "docker" "inspect" "0fc64850689f84dac142b153d3e4bb512ba7741501ac180204cc5bd4a39f061f", kill_on_drop: false }`
[INFO] running `Command { std: "docker" "rm" "-f" "0fc64850689f84dac142b153d3e4bb512ba7741501ac180204cc5bd4a39f061f", kill_on_drop: false }`
[INFO] [stdout] 0fc64850689f84dac142b153d3e4bb512ba7741501ac180204cc5bd4a39f061f
[INFO] running `Command { std: "docker" "create" "-v" "/var/lib/crater-agent-workspace/builds/worker-14/target:/opt/rustwide/target:rw,Z" "-v" "/var/lib/crater-agent-workspace/builds/worker-14/source:/opt/rustwide/workdir:ro,Z" "-v" "/var/lib/crater-agent-workspace/cargo-home:/opt/rustwide/cargo-home:ro,Z" "-v" "/var/lib/crater-agent-workspace/rustup-home:/opt/rustwide/rustup-home:ro,Z" "-e" "SOURCE_DIR=/opt/rustwide/workdir" "-e" "CARGO_TARGET_DIR=/opt/rustwide/target" "-e" "CARGO_INCREMENTAL=0" "-e" "RUST_BACKTRACE=full" "-e" "RUSTFLAGS=--cap-lints=forbid" "-e" "CARGO_HOME=/opt/rustwide/cargo-home" "-e" "RUSTUP_HOME=/opt/rustwide/rustup-home" "-w" "/opt/rustwide/workdir" "-m" "1610612736" "--user" "0:0" "--network" "none" "ghcr.io/rust-lang/crates-build-env/linux@sha256:20528e8c29e4536546f0102ce88568b16ea7538393a33fcca951030f7af10457" "/opt/rustwide/cargo-home/bin/cargo" "+881c1ac408d93bb7adaa3a51dabab9266e82eee8" "build" "--frozen" "--message-format=json", kill_on_drop: false }`
[INFO] [stdout] 99640f92073a6d4cbee963a08da5aef6b7fcccf60ae1cc9efc384e2a43b18c0a
[INFO] [stderr] WARNING: Your kernel does not support swap limit capabilities or the cgroup is not mounted. Memory limited without swap.
[INFO] running `Command { std: "docker" "start" "-a" "99640f92073a6d4cbee963a08da5aef6b7fcccf60ae1cc9efc384e2a43b18c0a", kill_on_drop: false }`
[INFO] [stderr]     Blocking waiting for file lock on package cache
[INFO] [stderr]     Blocking waiting for file lock on package cache
[INFO] [stderr]     Blocking waiting for file lock on package cache
[INFO] [stderr]    Compiling autocfg v1.0.0
[INFO] [stderr]    Compiling cfg-if v0.1.10
[INFO] [stderr]    Compiling maybe-uninit v2.0.0
[INFO] [stderr]    Compiling lazy_static v1.4.0
[INFO] [stderr]    Compiling byteorder v1.3.4
[INFO] [stderr]    Compiling adler32 v1.0.4
[INFO] [stderr]    Compiling scopeguard v1.1.0
[INFO] [stderr]    Compiling rayon-core v1.7.0
[INFO] [stderr]    Compiling bitflags v1.2.1
[INFO] [stderr]    Compiling crc32fast v1.2.0
[INFO] [stderr]    Compiling either v1.5.3
[INFO] [stderr]    Compiling color_quant v1.0.1
[INFO] [stderr]    Compiling bytemuck v1.2.0
[INFO] [stderr]    Compiling num_cpus v1.12.0
[INFO] [stderr]    Compiling inflate v0.4.5
[INFO] [stderr]    Compiling miniz_oxide v0.3.6
[INFO] [stderr]    Compiling gif v0.10.3
[INFO] [stderr]    Compiling crossbeam-utils v0.7.2
[INFO] [stderr]    Compiling memoffset v0.5.4
[INFO] [stderr]    Compiling crossbeam-epoch v0.8.2
[INFO] [stderr]    Compiling num-traits v0.2.11
[INFO] [stderr]    Compiling num-integer v0.1.42
[INFO] [stderr]    Compiling num-rational v0.2.4
[INFO] [stderr]    Compiling num-iter v0.1.40
[INFO] [stderr]    Compiling deflate v0.8.3
[INFO] [stderr]    Compiling tiff v0.4.0
[INFO] [stderr]    Compiling crossbeam-queue v0.2.1
[INFO] [stderr]    Compiling crossbeam-deque v0.7.3
[INFO] [stderr]    Compiling png v0.16.1
[INFO] [stderr]    Compiling rayon v1.3.0
[INFO] [stderr]    Compiling jpeg-decoder v0.1.18
[INFO] [stderr]    Compiling image v0.23.2
[INFO] [stderr]    Compiling ray_tracer v0.1.0 (/opt/rustwide/workdir)
[INFO] [stdout] error: expected item, found `;`
[INFO] [stdout]   --> src/main.rs:29:2
[INFO] [stdout]    |
[INFO] [stdout] 29 | };
[INFO] [stdout]    |  ^ help: remove this semicolon
[INFO] [stdout] 
[INFO] [stdout] 
[INFO] [stdout] error[E0601]: `main` function not found in crate `ray_tracer`
[INFO] [stdout]   --> src/main.rs:1:1
[INFO] [stdout]    |
[INFO] [stdout] 1  | / use image::DynamicImage;
[INFO] [stdout] 2  | |
[INFO] [stdout] 3  | | pub fn render(scene: &Scene) -> DynamicImage {
[INFO] [stdout] 4  | |     DynamicImage::new_rgb8(scene.width, scene.height)
[INFO] [stdout] ...  |
[INFO] [stdout] 53 | |     pub sphere: Sphere,
[INFO] [stdout] 54 | | }
[INFO] [stdout]    | |_^ consider adding a `main` function to `src/main.rs`
[INFO] [stdout] 
[INFO] [stdout] 
[INFO] [stdout] error[E0599]: no method named `width` found for enum `DynamicImage` in the current scope
[INFO] [stdout]    --> src/main.rs:27:33
[INFO] [stdout]     |
[INFO] [stdout] 27  |     assert_eq!(scene.width, img.width());
[INFO] [stdout]     |                                 ^^^^^ method not found in `DynamicImage`
[INFO] [stdout]     | 
[INFO] [stdout]    ::: /opt/rustwide/cargo-home/registry/src/github.com-1ecc6299db9ec823/image-0.23.2/./src/image.rs:522:8
[INFO] [stdout]     |
[INFO] [stdout] 522 |     fn width(&self) -> u32 {
[INFO] [stdout]     |        ----- the method is available for `DynamicImage` here
[INFO] [stdout]     |
[INFO] [stdout]     = help: items from traits can only be used if the trait is in scope
[INFO] [stdout] help: the following trait is implemented but not in scope; perhaps add a `use` for it:
[INFO] [stdout]     |
[INFO] [stdout] 1   | use image::GenericImageView;
[INFO] [stdout]     |
[INFO] [stdout] 
[INFO] [stdout] 
[INFO] [stdout] error[E0599]: no method named `height` found for enum `DynamicImage` in the current scope
[INFO] [stdout]    --> src/main.rs:28:34
[INFO] [stdout]     |
[INFO] [stdout] 28  |     assert_eq!(scene.height, img.height());
[INFO] [stdout]     |                                  ^^^^^^ method not found in `DynamicImage`
[INFO] [stdout]     | 
[INFO] [stdout]    ::: /opt/rustwide/cargo-home/registry/src/github.com-1ecc6299db9ec823/image-0.23.2/./src/image.rs:528:8
[INFO] [stdout]     |
[INFO] [stdout] 528 |     fn height(&self) -> u32 {
[INFO] [stdout]     |        ------ the method is available for `DynamicImage` here
[INFO] [stdout]     |
[INFO] [stdout]     = help: items from traits can only be used if the trait is in scope
[INFO] [stdout] help: the following trait is implemented but not in scope; perhaps add a `use` for it:
[INFO] [stdout]     |
[INFO] [stdout] 1   | use image::GenericImageView;
[INFO] [stdout]     |
[INFO] [stdout] 
[INFO] [stdout] 
[INFO] [stdout] error: aborting due to 4 previous errors
[INFO] [stdout] 
[INFO] [stdout] 
[INFO] [stdout] Some errors have detailed explanations: E0599, E0601.
[INFO] [stdout] 
[INFO] [stdout] For more information about an error, try `rustc --explain E0599`.
[INFO] [stdout] 
[INFO] [stderr] error: could not compile `ray_tracer`
[INFO] [stderr] 
[INFO] [stderr] To learn more, run the command again with --verbose.
[INFO] running `Command { std: "docker" "inspect" "99640f92073a6d4cbee963a08da5aef6b7fcccf60ae1cc9efc384e2a43b18c0a", kill_on_drop: false }`
[INFO] running `Command { std: "docker" "rm" "-f" "99640f92073a6d4cbee963a08da5aef6b7fcccf60ae1cc9efc384e2a43b18c0a", kill_on_drop: false }`
[INFO] [stdout] 99640f92073a6d4cbee963a08da5aef6b7fcccf60ae1cc9efc384e2a43b18c0a
